{"id":170,"date":"2025-01-04T11:21:33","date_gmt":"2025-01-04T11:21:33","guid":{"rendered":"https:\/\/www.ostseekids.de\/ostseekids_wordpress_2024\/?page_id=170"},"modified":"2025-10-31T14:27:26","modified_gmt":"2025-10-31T13:27:26","slug":"wer-wir-sind-und-was-wir-machen","status":"publish","type":"page","link":"https:\/\/borstel-ev.de\/index.php\/wer-wir-sind-und-was-wir-machen\/","title":{"rendered":"\u00dcber uns"},"content":{"rendered":"\n<p>Uns BORSTELs gibt es nun schon im 29. Jahr. Gegr\u00fcndet wurde &#8222;BORSTEL e.V. &#8211; F\u00f6rderverein f\u00fcr Jugendarbeit&#8220; im Oktober 1997 und wie es unser Namenszusatz verr\u00e4t, haben wir uns die F\u00f6rderung von Kindern und Jugendlichen zur Aufgabe gemacht. Die Arbeit von BORSTEL e.V. erfolgt in komplett ehrenamtlicher T\u00e4tigkeit.<\/p>\n\n\n\n<p>Daf\u00fcr brauchen wir Menschen die motiviert sind, sich mit vollem Einsatz im Verein zu engagieren und die haben wir. Wir BORSTELs sind junge und junggebliebene Leute aus Brandenburg, Mecklenburg-Vorpommern und Berlin, die gemeinsam unter anderem an unseren Angeboten feilen und diese auch durchf\u00fchren. Durch viele Jahre gemeinsamer Arbeit k\u00f6nnen wir jederzeit auf eingespielte und sich kennende Teams zur\u00fcckgreifen &#8211; ein riesiger Vorteil.<\/p>\n\n\n\n<p>Seit Gr\u00fcndung des Vereins sind Feriencamps elementarer Bestandteil des Vereinslebens und so sind wir auch schon ganz sch\u00f6n rumgekommen. Sogar bis nach Tschechien hatte es uns schon getrieben. Unsere Angebote, so auch die Feriencamps, bieten wir zum Selbstkostenpreis an. Das bedeutet, dass wir keine Gewinne \u00fcber den Zweck hinaus (also etwa einem Feriencamp) erwirtschaften. <\/p>\n\n\n\n<p>F\u00fcr weitere Fragen k\u00f6nnen Sie uns gerne kontaktieren. Und nun viel Spa\u00df bei der Entdeckung unserer Angebote.<\/p>\n\n\n\n<p><a href=\"https:\/\/borstel-ev.de\/index.php\/camp-a-action-und-relaxen\/\" data-type=\"page\" data-id=\"118\">Camp A, 19. Juli bis 25. Juli 2026<\/a><\/p>\n\n\n\n<p><a href=\"https:\/\/borstel-ev.de\/index.php\/camp-b-action-und-relaxen\/\">Camp B, 26. Juli bis 01. August 2026<\/a><\/p>\n\n\n\n<figure class=\"wp-block-image size-large\"><img fetchpriority=\"high\" decoding=\"async\" width=\"1024\" height=\"576\" src=\"https:\/\/borstel-ev.de\/wp-content\/uploads\/2025\/01\/1690974617348-1024x576.jpg\" alt=\"\" class=\"wp-image-439\" srcset=\"https:\/\/borstel-ev.de\/wp-content\/uploads\/2025\/01\/1690974617348-1024x576.jpg 1024w, https:\/\/borstel-ev.de\/wp-content\/uploads\/2025\/01\/1690974617348-300x169.jpg 300w, https:\/\/borstel-ev.de\/wp-content\/uploads\/2025\/01\/1690974617348-768x432.jpg 768w, https:\/\/borstel-ev.de\/wp-content\/uploads\/2025\/01\/1690974617348-920x518.jpg 920w, https:\/\/borstel-ev.de\/wp-content\/uploads\/2025\/01\/1690974617348.jpg 1200w\" sizes=\"(max-width: 1024px) 100vw, 1024px\" \/><\/figure>\n","protected":false},"excerpt":{"rendered":"<p>Uns BORSTELs gibt es nun schon im 29. Jahr. Gegr\u00fcndet wurde &#8222;BORSTEL e.V. &#8211; F\u00f6rderverein f\u00fcr Jugendarbeit&#8220; im Oktober 1997 &hellip; <a href=\"https:\/\/borstel-ev.de\/index.php\/wer-wir-sind-und-was-wir-machen\/\" class=\"more-link\"><span class=\"more-button\">Continue Reading<span class=\"screen-reader-text\">\u00dcber uns<\/span><\/span><\/a><\/p>\n","protected":false},"author":1,"featured_media":0,"parent":0,"menu_order":0,"comment_status":"closed","ping_status":"closed","template":"","meta":{"footnotes":""},"class_list":["post-170","page","type-page","status-publish","hentry"],"_links":{"self":[{"href":"https:\/\/borstel-ev.de\/index.php\/wp-json\/wp\/v2\/pages\/170","targetHints":{"allow":["GET"]}}],"collection":[{"href":"https:\/\/borstel-ev.de\/index.php\/wp-json\/wp\/v2\/pages"}],"about":[{"href":"https:\/\/borstel-ev.de\/index.php\/wp-json\/wp\/v2\/types\/page"}],"author":[{"embeddable":true,"href":"https:\/\/borstel-ev.de\/index.php\/wp-json\/wp\/v2\/users\/1"}],"replies":[{"embeddable":true,"href":"https:\/\/borstel-ev.de\/index.php\/wp-json\/wp\/v2\/comments?post=170"}],"version-history":[{"count":7,"href":"https:\/\/borstel-ev.de\/index.php\/wp-json\/wp\/v2\/pages\/170\/revisions"}],"predecessor-version":[{"id":970,"href":"https:\/\/borstel-ev.de\/index.php\/wp-json\/wp\/v2\/pages\/170\/revisions\/970"}],"wp:attachment":[{"href":"https:\/\/borstel-ev.de\/index.php\/wp-json\/wp\/v2\/media?parent=170"}],"curies":[{"name":"wp","href":"https:\/\/api.w.org\/{rel}","templated":true}]}}

Über uns

<p>Uns BORSTELs gibt es nun schon im 29. Jahr. Gegründet wurde &#8222;BORSTEL e.V. &#8211; Förderverein für Jugendarbeit&#8220; im Oktober 1997 und wie es unser Namenszusatz verrät, haben wir uns die Förderung von Kindern und Jugendlichen zur Aufgabe gemacht. Die Arbeit von BORSTEL e.V. erfolgt in komplett ehrenamtlicher Tätigkeit.</p>



<p>Dafür brauchen wir Menschen die motiviert sind, sich mit vollem Einsatz im Verein zu engagieren und die haben wir. Wir BORSTELs sind junge und junggebliebene Leute aus Brandenburg, Mecklenburg-Vorpommern und Berlin, die gemeinsam unter anderem an unseren Angeboten feilen und diese auch durchführen. Durch viele Jahre gemeinsamer Arbeit können wir jederzeit auf eingespielte und sich kennende Teams zurückgreifen &#8211; ein riesiger Vorteil.</p>



<p>Seit Gründung des Vereins sind Feriencamps elementarer Bestandteil des Vereinslebens und so sind wir auch schon ganz schön rumgekommen. Sogar bis nach Tschechien hatte es uns schon getrieben. Unsere Angebote, so auch die Feriencamps, bieten wir zum Selbstkostenpreis an. Das bedeutet, dass wir keine Gewinne über den Zweck hinaus (also etwa einem Feriencamp) erwirtschaften. </p>



<p>Für weitere Fragen können Sie uns gerne kontaktieren. Und nun viel Spaß bei der Entdeckung unserer Angebote.</p>



<p><a href="https://borstel-ev.de/index.php/camp-a-action-und-relaxen/" data-type="page" data-id="118">Camp A, 19. Juli bis 25. Juli 2026</a></p>



<p><a href="https://borstel-ev.de/index.php/camp-b-action-und-relaxen/">Camp B, 26. Juli bis 01. August 2026</a></p>



<figure class="wp-block-image size-large"><img fetchpriority="high" decoding="async" width="1024" height="576" src="https://borstel-ev.de/wp-content/uploads/2025/01/1690974617348-1024x576.jpg" alt="" class="wp-image-439" srcset="https://borstel-ev.de/wp-content/uploads/2025/01/1690974617348-1024x576.jpg 1024w, https://borstel-ev.de/wp-content/uploads/2025/01/1690974617348-300x169.jpg 300w, https://borstel-ev.de/wp-content/uploads/2025/01/1690974617348-768x432.jpg 768w, https://borstel-ev.de/wp-content/uploads/2025/01/1690974617348-920x518.jpg 920w, https://borstel-ev.de/wp-content/uploads/2025/01/1690974617348.jpg 1200w" sizes="(max-width: 1024px) 100vw, 1024px" /></figure>

<p>Uns BORSTELs gibt es nun schon im 29. Jahr. Gegründet wurde &#8222;BORSTEL e.V. &#8211; Förderverein für Jugendarbeit&#8220; im Oktober 1997 &hellip; <a href="https://borstel-ev.de/index.php/wer-wir-sind-und-was-wir-machen/" class="more-link"><span class="more-button">Continue Reading<span class="screen-reader-text">Über uns</span></span></a></p>
