{"id":267,"date":"2025-01-06T16:22:06","date_gmt":"2025-01-06T16:22:06","guid":{"rendered":"https:\/\/www.ostseekids.de\/ostseekids_wordpress_2024\/?page_id=267"},"modified":"2025-01-22T16:54:14","modified_gmt":"2025-01-22T15:54:14","slug":"unterstuetzer-verbaende","status":"publish","type":"page","link":"https:\/\/borstel-ev.de\/index.php\/unterstuetzer-verbaende\/","title":{"rendered":"Unterst\u00fctzer &amp; Verb\u00e4nde"},"content":{"rendered":"\n<p>Um vielseitig t\u00e4tig werden zu k\u00f6nnen sind wir Mitglied in verschiedenen Verb\u00e4nden u. a.:<\/p>\n\n\n\n<ul class=\"wp-block-list\">\n<li><a href=\"http:\/\/www.schullandheime-mv.de\" target=\"_blank\" rel=\"noreferrer noopener\">Landesverband der Schullandheime Mecklenburg-Vorpommern e.V<\/a>.<\/li>\n\n\n\n<li><a href=\"http:\/\/www.sjr-kw.de\" target=\"_blank\" rel=\"noreferrer noopener\">Stadtjugendring K\u00f6nigs Wusterhausen e.V.<\/a><\/li>\n\n\n\n<li><a href=\"http:\/\/www.rsjr.de\" target=\"_blank\" rel=\"noreferrer noopener\">Rostocker Stadtjugendring e.V.<\/a><\/li>\n\n\n\n<li><a href=\"https:\/\/www.kjr-lds.de\/\" target=\"_blank\" rel=\"noreferrer noopener\">Kreis Jugendring Dahme-Spree e.V.<\/a><\/li>\n<\/ul>\n\n\n\n<p>In unserer Arbeit unst\u00fctzt uns:<\/p>\n\n\n\n<ul class=\"wp-block-list\">\n<li><a href=\"https:\/\/www.ulis-kinderland.de\/\" target=\"_blank\" rel=\"noreferrer noopener\">Ulis Kinderland e.V.<\/a><\/li>\n<\/ul>\n","protected":false},"excerpt":{"rendered":"<p>Um vielseitig t\u00e4tig werden zu k\u00f6nnen sind wir Mitglied in verschiedenen Verb\u00e4nden u. a.: In unserer Arbeit unst\u00fctzt uns:<\/p>\n","protected":false},"author":1,"featured_media":0,"parent":0,"menu_order":0,"comment_status":"closed","ping_status":"closed","template":"","meta":{"footnotes":""},"class_list":["post-267","page","type-page","status-publish","hentry"],"_links":{"self":[{"href":"https:\/\/borstel-ev.de\/index.php\/wp-json\/wp\/v2\/pages\/267","targetHints":{"allow":["GET"]}}],"collection":[{"href":"https:\/\/borstel-ev.de\/index.php\/wp-json\/wp\/v2\/pages"}],"about":[{"href":"https:\/\/borstel-ev.de\/index.php\/wp-json\/wp\/v2\/types\/page"}],"author":[{"embeddable":true,"href":"https:\/\/borstel-ev.de\/index.php\/wp-json\/wp\/v2\/users\/1"}],"replies":[{"embeddable":true,"href":"https:\/\/borstel-ev.de\/index.php\/wp-json\/wp\/v2\/comments?post=267"}],"version-history":[{"count":2,"href":"https:\/\/borstel-ev.de\/index.php\/wp-json\/wp\/v2\/pages\/267\/revisions"}],"predecessor-version":[{"id":552,"href":"https:\/\/borstel-ev.de\/index.php\/wp-json\/wp\/v2\/pages\/267\/revisions\/552"}],"wp:attachment":[{"href":"https:\/\/borstel-ev.de\/index.php\/wp-json\/wp\/v2\/media?parent=267"}],"curies":[{"name":"wp","href":"https:\/\/api.w.org\/{rel}","templated":true}]}}