{"id":270,"date":"2025-01-06T16:28:07","date_gmt":"2025-01-06T16:28:07","guid":{"rendered":"https:\/\/www.ostseekids.de\/ostseekids_wordpress_2024\/?page_id=270"},"modified":"2025-08-14T18:04:03","modified_gmt":"2025-08-14T16:04:03","slug":"betreuer-info","status":"publish","type":"page","link":"https:\/\/borstel-ev.de\/index.php\/betreuer-info\/","title":{"rendered":"Betreuer-Info"},"content":{"rendered":"\n<p>Ein richtig tolles Ferienlager macht erst Spa\u00df, wenn engagierte Betreuer mit Herz und Spa\u00df, gemeinsam mit den Teilnehmern, f\u00fcr Stimmung und gute Laune sorgen.<\/p>\n\n\n\n<p>Viele junge Leute aus unserem Betreuerteam sind schon viele Jahre dabei oder waren mehrmals selbst Teilnehmer in unseren Camps. In jedem Jahr treffen aber auch ein paar \u201eNeue\u201c ein, \u00fcber deren Ideen wir uns freuen und die bei uns ganz herzlich willkommen sind.<\/p>\n\n\n\n<p>Interessierte Mitmenschen, die \u00fcber eine <a href=\"http:\/\/www.juleica.de\/\" target=\"_blank\" rel=\"noreferrer noopener\">JULEICA<\/a> verf\u00fcgen bzw. den Wunsch haben, eine Jugendleiter-Ausbildung zu absolvieren oder aus p\u00e4dagogischen Berufen kommen und dar\u00fcber hinaus Spa\u00df an der Arbeit mit Kindern und Jugendlichen im Alter von sechs bis sechzehn Jahren haben, k\u00f6nnen sich gern bei uns melden, um ein oder zwei Sommerwochen gemeinsam mit uns und den Ferienlager-Kids zu verbringen. Voraussetzung ist neben der benannten JULEICA oder der p\u00e4dagogischen Ausbildung die Vorlage eines aktuellen erweiterten polizeilichen F\u00fchrungszeugnisses. Au\u00dferdem wollen wir Euch kennenlernen. Das bedeutet, dass Ihr mit uns das Vortreffen zu unseren Camps besucht und wir gemeinsam Eindr\u00fccke voneinander sammeln. Dann entscheiden wir, ob Du und wir zueinander passen und gemeinsame Camps fahren. <\/p>\n\n\n\n<figure class=\"wp-block-image size-large\"><img fetchpriority=\"high\" decoding=\"async\" width=\"1024\" height=\"576\" src=\"https:\/\/borstel-ev.de\/wp-content\/uploads\/2025\/01\/5a3c1b03-1df5-443f-8a97-ad89d398b824-Kopie-1024x576.jpeg\" alt=\"\" class=\"wp-image-441\" srcset=\"https:\/\/borstel-ev.de\/wp-content\/uploads\/2025\/01\/5a3c1b03-1df5-443f-8a97-ad89d398b824-Kopie-1024x576.jpeg 1024w, https:\/\/borstel-ev.de\/wp-content\/uploads\/2025\/01\/5a3c1b03-1df5-443f-8a97-ad89d398b824-Kopie-300x169.jpeg 300w, https:\/\/borstel-ev.de\/wp-content\/uploads\/2025\/01\/5a3c1b03-1df5-443f-8a97-ad89d398b824-Kopie-768x432.jpeg 768w, https:\/\/borstel-ev.de\/wp-content\/uploads\/2025\/01\/5a3c1b03-1df5-443f-8a97-ad89d398b824-Kopie-1536x864.jpeg 1536w, https:\/\/borstel-ev.de\/wp-content\/uploads\/2025\/01\/5a3c1b03-1df5-443f-8a97-ad89d398b824-Kopie-1920x1080.jpeg 1920w, https:\/\/borstel-ev.de\/wp-content\/uploads\/2025\/01\/5a3c1b03-1df5-443f-8a97-ad89d398b824-Kopie-920x518.jpeg 920w, https:\/\/borstel-ev.de\/wp-content\/uploads\/2025\/01\/5a3c1b03-1df5-443f-8a97-ad89d398b824-Kopie.jpeg 2048w\" sizes=\"(max-width: 1024px) 100vw, 1024px\" \/><\/figure>\n","protected":false},"excerpt":{"rendered":"<p>Ein richtig tolles Ferienlager macht erst Spa\u00df, wenn engagierte Betreuer mit Herz und Spa\u00df, gemeinsam mit den Teilnehmern, f\u00fcr Stimmung &hellip; <a href=\"https:\/\/borstel-ev.de\/index.php\/betreuer-info\/\" class=\"more-link\"><span class=\"more-button\">Continue Reading<span class=\"screen-reader-text\">Betreuer-Info<\/span><\/span><\/a><\/p>\n","protected":false},"author":1,"featured_media":0,"parent":0,"menu_order":0,"comment_status":"closed","ping_status":"closed","template":"","meta":{"footnotes":""},"class_list":["post-270","page","type-page","status-publish","hentry"],"_links":{"self":[{"href":"https:\/\/borstel-ev.de\/index.php\/wp-json\/wp\/v2\/pages\/270","targetHints":{"allow":["GET"]}}],"collection":[{"href":"https:\/\/borstel-ev.de\/index.php\/wp-json\/wp\/v2\/pages"}],"about":[{"href":"https:\/\/borstel-ev.de\/index.php\/wp-json\/wp\/v2\/types\/page"}],"author":[{"embeddable":true,"href":"https:\/\/borstel-ev.de\/index.php\/wp-json\/wp\/v2\/users\/1"}],"replies":[{"embeddable":true,"href":"https:\/\/borstel-ev.de\/index.php\/wp-json\/wp\/v2\/comments?post=270"}],"version-history":[{"count":3,"href":"https:\/\/borstel-ev.de\/index.php\/wp-json\/wp\/v2\/pages\/270\/revisions"}],"predecessor-version":[{"id":849,"href":"https:\/\/borstel-ev.de\/index.php\/wp-json\/wp\/v2\/pages\/270\/revisions\/849"}],"wp:attachment":[{"href":"https:\/\/borstel-ev.de\/index.php\/wp-json\/wp\/v2\/media?parent=270"}],"curies":[{"name":"wp","href":"https:\/\/api.w.org\/{rel}","templated":true}]}}