{"id":273,"date":"2025-01-06T16:36:07","date_gmt":"2025-01-06T16:36:07","guid":{"rendered":"https:\/\/www.ostseekids.de\/ostseekids_wordpress_2024\/?page_id=273"},"modified":"2025-08-14T18:28:47","modified_gmt":"2025-08-14T16:28:47","slug":"foerderungsmoeglichkeiten","status":"publish","type":"page","link":"https:\/\/borstel-ev.de\/index.php\/foerderungsmoeglichkeiten\/","title":{"rendered":"f\u00f6rderm\u00f6glichkeiten"},"content":{"rendered":"\n<p>Wir als gemeinn\u00fctziger Verein bieten unsere Ferienlager zum Selbstkostenpreis an. Wir wissen aber, dass es dennoch\u00a0 f\u00fcr viele Familien problematisch ist den Teilnehmerbeitrag aufzubringen. Daher wollen wir an dieser Stelle auf verschiedene F\u00f6rderm\u00f6glichkeiten hinweisen, die sich an Familien mit geringem Einkommen sowie an Empf\u00e4nger von Sozialleistungen richten.<\/p>\n\n\n\n<figure class=\"wp-block-image size-full\"><img fetchpriority=\"high\" decoding=\"async\" width=\"250\" height=\"207\" src=\"https:\/\/borstel-ev.de\/wp-content\/uploads\/2024\/12\/betreuerborstel-1.gif\" alt=\"\" class=\"wp-image-13\"\/><\/figure>\n\n\n\n<h3 class=\"wp-block-heading\">F\u00f6rderung mit Geltung f\u00fcr alle Bundesl\u00e4nder &#8211; Das Bildungs- und Teilhabepaket<\/h3>\n\n\n\n<h4 class=\"wp-block-heading\">Was wird gef\u00f6rdert?<\/h4>\n\n\n\n<p>Schul- und Kita-Ausfl\u00fcge, Pers\u00f6nlicher Schulbedarf (Schulbasispaket), Sch\u00fclerbef\u00f6rderungskosten, Nachhilfeunterricht, Zuschuss zum Mittagessen und Leistungen zur gesellschaftlichen Teilhabe<\/p>\n\n\n\n<h4 class=\"wp-block-heading\">Wer wird gef\u00f6rdert?<\/h4>\n\n\n\n<p>Anspruchsberechtigt sind Kinder, die oder deren Eltern diese Sozialleistungen beziehen. Gleiches gilt auch f\u00fcr Jugendliche unter 25 Jahren, die eine allgemeinbildende Schule besuchen. Folgende Sozialleistungen sind dabei eingeschlossen:&nbsp;<\/p>\n\n\n\n<ul class=\"wp-block-list\">\n<li>Hartz IV (\u00a7 28 SGB II)<\/li>\n\n\n\n<li>Sozialhilfe (\u00a7 34, \u00a7 34a SGB XII)<\/li>\n\n\n\n<li>Wohngeld- und Kinderzuschlag (\u00a7 6b BKGG)<\/li>\n\n\n\n<li>Asylbewerberkinder (Analogberechtigte nach \u00a7 2 AsylbLG)<\/li>\n<\/ul>\n\n\n\n<p>Weiterhin kann ein Anspruch auf Leistungen bestehen, wenn das Kind bzw. seine Eltern zwar keine der genannten Sozialleistungen beziehen, jedoch die spezifischen Bildungs- und Teilhabebedarfe des Kindes nicht gedeckt werden k\u00f6nnen. Somit stehen Leistungen auch jenen zu, deren Einkommen zu hoch f\u00fcr unterst\u00fctzende Sozialleistungen ist, jedoch zu gering, um den Kindern und Jugendlichen in vollem Umfang die Teilhabe zu erm\u00f6glichen.<\/p>\n\n\n\n<h4 class=\"wp-block-heading\">Wo kann die F\u00f6rderung beantragt werden?<\/h4>\n\n\n\n<p>Empf\u00e4nger von Arbeitslosengeld II beantragen Leistungen aus dem Bildungs- und Teilhabepaket bei ihrem jeweiligen Jobcenter.In allen anderen F\u00e4llen wird der Antrag bei der Stadt, der Gemeinde oder dem jeweiligen Landkreis gestellt. Wer konkret Ansprechpartner ist, erfahren Sie auf der Seite des <a href=\"https:\/\/www.bmas.de\/DE\/Arbeit\/Grundsicherung-Arbeitslosengeld-II\/Bildungspaket\/Anlaufstellen\/anlaufstellen.html\" target=\"_blank\" rel=\"noreferrer noopener\">Bundesarbeitsministeriums<\/a>.<\/p>\n\n\n\n<h4 class=\"wp-block-heading\">Sie m\u00f6chten beraten werden?<\/h4>\n\n\n\n<p>Kostenfreie Beratung zum Bildungs- und Teilhabepaket f\u00fcr Berliner und Brandenburger Familien bietet Viva Equality aus Berlin: <a href=\"https:\/\/but-beratung.de\/\">https:\/\/but-beratung.de\/<\/a><\/p>\n\n\n\n<p>Ihre Ansprechpartner in Mecklenburg-Vorpommern hat die Familieninfo-MV f\u00fcr Sie gelistet: <a href=\"https:\/\/www.familieninfo-mv.de\/familienleistungenmv\/bildung-teilhabe\/#infos_fam\">https:\/\/www.familieninfo-mv.de\/familienleistungenmv\/bildung-teilhabe\/#infos_fam<\/a> <\/p>\n\n\n\n<h3 class=\"wp-block-heading\">Weitere F\u00f6rderm\u00f6glichkeiten<\/h3>\n\n\n\n<p>Neben dem Bildungs- und Teilhabepaket des Bundes bestehen in vielen Landkreisen, Gemeinden und Kommunen eigene F\u00f6rderprogramme, die sich gezielt an Kinder und Jugendliche ihres Einzugsgebiets richten. Alle M\u00f6glichkeiten hier aufzuz\u00e4hlen, w\u00fcrde den Rahmen sprengen. Nehmen Sie Kontakt mit Ihrer \u00f6rtlichen Verwaltung auf und erfragen Sie konkrete F\u00f6rderangebote.<\/p>\n\n\n\n<p>Wichtig f\u00fcr alle F\u00f6rderungen ist dabei die rechtzeitige Antragstellung bei dem f\u00fcr Ihren Wohnort zust\u00e4ndigen Landkreis oder Stadtverwaltung, dem Sozial- oder Jugendamt&nbsp;bzw. Jobcenter. <strong>Dies muss zwingend VOR der Anmeldung f\u00fcr eines unserer Feriencamps erfolgen.<\/strong> Dies sollte etwa acht Wochen vor Beginn des BORSTEL-Camps geschehen. Wenn Sie die Zusage der zust\u00e4ndigen Stelle erhalten haben, k\u00f6nnen Sie Ihr Kind f\u00fcr eines unserer Feriencamps anmelden. Idealerweise nutzen Sie bis zur endg\u00fcltigen Genehmigung das Reservierungsformular. Damit reservieren Sie unverbindlich den Platz im BORSTEL-Camp bis eine Genehmigung Ihres Antrags vorliegt. Danach kann eine verbindliche Anmeldung erfolgen.<\/p>\n","protected":false},"excerpt":{"rendered":"<p>Wir als gemeinn\u00fctziger Verein bieten unsere Ferienlager zum Selbstkostenpreis an. Wir wissen aber, dass es dennoch\u00a0 f\u00fcr viele Familien problematisch &hellip; <a href=\"https:\/\/borstel-ev.de\/index.php\/foerderungsmoeglichkeiten\/\" class=\"more-link\"><span class=\"more-button\">Continue Reading<span class=\"screen-reader-text\">f\u00f6rderm\u00f6glichkeiten<\/span><\/span><\/a><\/p>\n","protected":false},"author":1,"featured_media":0,"parent":0,"menu_order":0,"comment_status":"closed","ping_status":"closed","template":"","meta":{"footnotes":""},"class_list":["post-273","page","type-page","status-publish","hentry"],"_links":{"self":[{"href":"https:\/\/borstel-ev.de\/index.php\/wp-json\/wp\/v2\/pages\/273","targetHints":{"allow":["GET"]}}],"collection":[{"href":"https:\/\/borstel-ev.de\/index.php\/wp-json\/wp\/v2\/pages"}],"about":[{"href":"https:\/\/borstel-ev.de\/index.php\/wp-json\/wp\/v2\/types\/page"}],"author":[{"embeddable":true,"href":"https:\/\/borstel-ev.de\/index.php\/wp-json\/wp\/v2\/users\/1"}],"replies":[{"embeddable":true,"href":"https:\/\/borstel-ev.de\/index.php\/wp-json\/wp\/v2\/comments?post=273"}],"version-history":[{"count":4,"href":"https:\/\/borstel-ev.de\/index.php\/wp-json\/wp\/v2\/pages\/273\/revisions"}],"predecessor-version":[{"id":854,"href":"https:\/\/borstel-ev.de\/index.php\/wp-json\/wp\/v2\/pages\/273\/revisions\/854"}],"wp:attachment":[{"href":"https:\/\/borstel-ev.de\/index.php\/wp-json\/wp\/v2\/media?parent=273"}],"curies":[{"name":"wp","href":"https:\/\/api.w.org\/{rel}","templated":true}]}}

fördermöglichkeiten

<p>Wir als gemeinnütziger Verein bieten unsere Ferienlager zum Selbstkostenpreis an. Wir wissen aber, dass es dennoch  für viele Familien problematisch ist den Teilnehmerbeitrag aufzubringen. Daher wollen wir an dieser Stelle auf verschiedene Fördermöglichkeiten hinweisen, die sich an Familien mit geringem Einkommen sowie an Empfänger von Sozialleistungen richten.</p>



<figure class="wp-block-image size-full"><img fetchpriority="high" decoding="async" width="250" height="207" src="https://borstel-ev.de/wp-content/uploads/2024/12/betreuerborstel-1.gif" alt="" class="wp-image-13"/></figure>



<h3 class="wp-block-heading">Förderung mit Geltung für alle Bundesländer &#8211; Das Bildungs- und Teilhabepaket</h3>



<h4 class="wp-block-heading">Was wird gefördert?</h4>



<p>Schul- und Kita-Ausflüge, Persönlicher Schulbedarf (Schulbasispaket), Schülerbeförderungskosten, Nachhilfeunterricht, Zuschuss zum Mittagessen und Leistungen zur gesellschaftlichen Teilhabe</p>



<h4 class="wp-block-heading">Wer wird gefördert?</h4>



<p>Anspruchsberechtigt sind Kinder, die oder deren Eltern diese Sozialleistungen beziehen. Gleiches gilt auch für Jugendliche unter 25 Jahren, die eine allgemeinbildende Schule besuchen. Folgende Sozialleistungen sind dabei eingeschlossen:&nbsp;</p>



<ul class="wp-block-list">
<li>Hartz IV (§ 28 SGB II)</li>



<li>Sozialhilfe (§ 34, § 34a SGB XII)</li>



<li>Wohngeld- und Kinderzuschlag (§ 6b BKGG)</li>



<li>Asylbewerberkinder (Analogberechtigte nach § 2 AsylbLG)</li>
</ul>



<p>Weiterhin kann ein Anspruch auf Leistungen bestehen, wenn das Kind bzw. seine Eltern zwar keine der genannten Sozialleistungen beziehen, jedoch die spezifischen Bildungs- und Teilhabebedarfe des Kindes nicht gedeckt werden können. Somit stehen Leistungen auch jenen zu, deren Einkommen zu hoch für unterstützende Sozialleistungen ist, jedoch zu gering, um den Kindern und Jugendlichen in vollem Umfang die Teilhabe zu ermöglichen.</p>



<h4 class="wp-block-heading">Wo kann die Förderung beantragt werden?</h4>



<p>Empfänger von Arbeitslosengeld II beantragen Leistungen aus dem Bildungs- und Teilhabepaket bei ihrem jeweiligen Jobcenter.In allen anderen Fällen wird der Antrag bei der Stadt, der Gemeinde oder dem jeweiligen Landkreis gestellt. Wer konkret Ansprechpartner ist, erfahren Sie auf der Seite des <a href="https://www.bmas.de/DE/Arbeit/Grundsicherung-Arbeitslosengeld-II/Bildungspaket/Anlaufstellen/anlaufstellen.html" target="_blank" rel="noreferrer noopener">Bundesarbeitsministeriums</a>.</p>



<h4 class="wp-block-heading">Sie möchten beraten werden?</h4>



<p>Kostenfreie Beratung zum Bildungs- und Teilhabepaket für Berliner und Brandenburger Familien bietet Viva Equality aus Berlin: <a href="https://but-beratung.de/">https://but-beratung.de/</a></p>



<p>Ihre Ansprechpartner in Mecklenburg-Vorpommern hat die Familieninfo-MV für Sie gelistet: <a href="https://www.familieninfo-mv.de/familienleistungenmv/bildung-teilhabe/#infos_fam">https://www.familieninfo-mv.de/familienleistungenmv/bildung-teilhabe/#infos_fam</a> </p>



<h3 class="wp-block-heading">Weitere Fördermöglichkeiten</h3>



<p>Neben dem Bildungs- und Teilhabepaket des Bundes bestehen in vielen Landkreisen, Gemeinden und Kommunen eigene Förderprogramme, die sich gezielt an Kinder und Jugendliche ihres Einzugsgebiets richten. Alle Möglichkeiten hier aufzuzählen, würde den Rahmen sprengen. Nehmen Sie Kontakt mit Ihrer örtlichen Verwaltung auf und erfragen Sie konkrete Förderangebote.</p>



<p>Wichtig für alle Förderungen ist dabei die rechtzeitige Antragstellung bei dem für Ihren Wohnort zuständigen Landkreis oder Stadtverwaltung, dem Sozial- oder Jugendamt&nbsp;bzw. Jobcenter. <strong>Dies muss zwingend VOR der Anmeldung für eines unserer Feriencamps erfolgen.</strong> Dies sollte etwa acht Wochen vor Beginn des BORSTEL-Camps geschehen. Wenn Sie die Zusage der zuständigen Stelle erhalten haben, können Sie Ihr Kind für eines unserer Feriencamps anmelden. Idealerweise nutzen Sie bis zur endgültigen Genehmigung das Reservierungsformular. Damit reservieren Sie unverbindlich den Platz im BORSTEL-Camp bis eine Genehmigung Ihres Antrags vorliegt. Danach kann eine verbindliche Anmeldung erfolgen.</p>

<p>Wir als gemeinnütziger Verein bieten unsere Ferienlager zum Selbstkostenpreis an. Wir wissen aber, dass es dennoch  für viele Familien problematisch &hellip; <a href="https://borstel-ev.de/index.php/foerderungsmoeglichkeiten/" class="more-link"><span class="more-button">Continue Reading<span class="screen-reader-text">fördermöglichkeiten</span></span></a></p>
