{"id":280,"date":"2025-01-06T17:49:18","date_gmt":"2025-01-06T17:49:18","guid":{"rendered":"https:\/\/www.ostseekids.de\/ostseekids_wordpress_2024\/?page_id=280"},"modified":"2025-01-22T17:08:21","modified_gmt":"2025-01-22T16:08:21","slug":"qualitaetsstandards","status":"publish","type":"page","link":"https:\/\/borstel-ev.de\/index.php\/qualitaetsstandards\/","title":{"rendered":"qualit\u00e4tsstandards"},"content":{"rendered":"\n<h3 class=\"wp-block-heading\">Das BetreuerTeam<\/h3>\n\n\n\n<p>Unsere Betreuerinnen und Betreuer \u00fcbernehmen w\u00e4hrend der kompletten Zeit Ihres Kindes in einem unserer Feriencamps die Betreuung Ihres Kindes. Sie sind Ansprechpartner, Begleiter und Programmgestalter. F\u00fcr all diese Aufgaben stellen wir hohe Anspr\u00fcche an das Betreuerteam. So muss jedes Teammitglied \u00fcber die <a href=\"https:\/\/www.juleica.de\/\" target=\"_blank\" rel=\"noreferrer noopener\">JULEICA<\/a>, die Jugendgruppenleiter-Card verf\u00fcgen. Dies setzt ein Schulung in den Bereichen Methodik, Didaktik, Recht sowie eine Ersthelferausbildung voraus. Zudem sind einige unserer Betreuerinnen und Betreuer in p\u00e4dagogischen Berufen zuhause. Au\u00dferdem muss jede Person, die mit der Betreuung von Kindern und Jugendlichen betraut wird, ein aktuelles erweitertes polizeiliches F\u00fchrungszeugnis vorweisen.<\/p>\n\n\n\n<p>Unser Betreuerteam kennt sich bereits seit vielen Jahren und bereitet die Camps gemeinsam vor. Dazu treffen wir uns einige Wochen vor Beginn der Reisen im Veranstaltungsobjekt und planen gemeinsam das Programm. Hier besteht auch die M\u00f6glichkeit neue Teammitglieder kennenzulernen. <\/p>\n\n\n\n<h3 class=\"wp-block-heading\">Unsere Programmpunkte<\/h3>\n\n\n\n<p>Im Gegensatz zu vielen anderen Anbietern von Feriencamps haben wir zu jeder Reise einen Grundstock an Materialien vor Ort. Dies reicht von Materialien zum kreativen Gestalten wie etwa Stifte, Farben und Papier bis hin zu Gesellschaftsspielen, Wikingerschach und Sportartikeln wie etwa B\u00e4llen aller Art, Frisbees usw. <\/p>\n\n\n\n<p>Unsere Programmpunkte werden sorgf\u00e4ltig ausgew\u00e4hlt um jedem Kind\/Jugendlichen ein altersentsprechendes und sicheres Angebot machen zu k\u00f6nnen. Dies betrifft auch die ausgeschriebenen Ausflugsziele. Dort benannte Angebote werden von uns im Voraus getestet. <\/p>\n\n\n\n<p>Wir behalten uns in jedem Fall vor, einzelne Programmpunkte aufgrund \u00e4u\u00dferer Einfl\u00fcsse entfallen zu lassen. Dies kann z.B. das Lagerfeuer betreffen, wenn die Waldbrandwarnstufe offene Feuer untersagt. In jedem Fall werden wir versuchen einen ad\u00e4quaten Ersatz zu finden.<\/p>\n\n\n\n<h3 class=\"wp-block-heading\">Unsere Ferienobjekte<\/h3>\n\n\n\n<p>Bei der Auswahl unserer Ferienobjekte pr\u00fcfen wir genau, ob sich ein etwaiges Objekt f\u00fcr die von uns geplanten Ma\u00dfnahmen eignet. Als Ma\u00dfstab gelten die Gestaltung und Anlage des Objektes bezogen auf die jeweilige Zielgruppe, die sanit\u00e4ren Ausstattungen, die Verpflegung, die Freizeitm\u00f6glichkeiten und nat\u00fcrlich Ausflugsm\u00f6glichkeiten im n\u00e4heren Umfeld. <\/p>\n","protected":false},"excerpt":{"rendered":"<p>Das BetreuerTeam Unsere Betreuerinnen und Betreuer \u00fcbernehmen w\u00e4hrend der kompletten Zeit Ihres Kindes in einem unserer Feriencamps die Betreuung Ihres &hellip; <a href=\"https:\/\/borstel-ev.de\/index.php\/qualitaetsstandards\/\" class=\"more-link\"><span class=\"more-button\">Continue Reading<span class=\"screen-reader-text\">qualit\u00e4tsstandards<\/span><\/span><\/a><\/p>\n","protected":false},"author":1,"featured_media":0,"parent":0,"menu_order":0,"comment_status":"closed","ping_status":"closed","template":"","meta":{"footnotes":""},"class_list":["post-280","page","type-page","status-publish","hentry"],"_links":{"self":[{"href":"https:\/\/borstel-ev.de\/index.php\/wp-json\/wp\/v2\/pages\/280","targetHints":{"allow":["GET"]}}],"collection":[{"href":"https:\/\/borstel-ev.de\/index.php\/wp-json\/wp\/v2\/pages"}],"about":[{"href":"https:\/\/borstel-ev.de\/index.php\/wp-json\/wp\/v2\/types\/page"}],"author":[{"embeddable":true,"href":"https:\/\/borstel-ev.de\/index.php\/wp-json\/wp\/v2\/users\/1"}],"replies":[{"embeddable":true,"href":"https:\/\/borstel-ev.de\/index.php\/wp-json\/wp\/v2\/comments?post=280"}],"version-history":[{"count":2,"href":"https:\/\/borstel-ev.de\/index.php\/wp-json\/wp\/v2\/pages\/280\/revisions"}],"predecessor-version":[{"id":559,"href":"https:\/\/borstel-ev.de\/index.php\/wp-json\/wp\/v2\/pages\/280\/revisions\/559"}],"wp:attachment":[{"href":"https:\/\/borstel-ev.de\/index.php\/wp-json\/wp\/v2\/media?parent=280"}],"curies":[{"name":"wp","href":"https:\/\/api.w.org\/{rel}","templated":true}]}}

qualitätsstandards

<h3 class="wp-block-heading">Das BetreuerTeam</h3>



<p>Unsere Betreuerinnen und Betreuer übernehmen während der kompletten Zeit Ihres Kindes in einem unserer Feriencamps die Betreuung Ihres Kindes. Sie sind Ansprechpartner, Begleiter und Programmgestalter. Für all diese Aufgaben stellen wir hohe Ansprüche an das Betreuerteam. So muss jedes Teammitglied über die <a href="https://www.juleica.de/" target="_blank" rel="noreferrer noopener">JULEICA</a>, die Jugendgruppenleiter-Card verfügen. Dies setzt ein Schulung in den Bereichen Methodik, Didaktik, Recht sowie eine Ersthelferausbildung voraus. Zudem sind einige unserer Betreuerinnen und Betreuer in pädagogischen Berufen zuhause. Außerdem muss jede Person, die mit der Betreuung von Kindern und Jugendlichen betraut wird, ein aktuelles erweitertes polizeiliches Führungszeugnis vorweisen.</p>



<p>Unser Betreuerteam kennt sich bereits seit vielen Jahren und bereitet die Camps gemeinsam vor. Dazu treffen wir uns einige Wochen vor Beginn der Reisen im Veranstaltungsobjekt und planen gemeinsam das Programm. Hier besteht auch die Möglichkeit neue Teammitglieder kennenzulernen. </p>



<h3 class="wp-block-heading">Unsere Programmpunkte</h3>



<p>Im Gegensatz zu vielen anderen Anbietern von Feriencamps haben wir zu jeder Reise einen Grundstock an Materialien vor Ort. Dies reicht von Materialien zum kreativen Gestalten wie etwa Stifte, Farben und Papier bis hin zu Gesellschaftsspielen, Wikingerschach und Sportartikeln wie etwa Bällen aller Art, Frisbees usw. </p>



<p>Unsere Programmpunkte werden sorgfältig ausgewählt um jedem Kind/Jugendlichen ein altersentsprechendes und sicheres Angebot machen zu können. Dies betrifft auch die ausgeschriebenen Ausflugsziele. Dort benannte Angebote werden von uns im Voraus getestet. </p>



<p>Wir behalten uns in jedem Fall vor, einzelne Programmpunkte aufgrund äußerer Einflüsse entfallen zu lassen. Dies kann z.B. das Lagerfeuer betreffen, wenn die Waldbrandwarnstufe offene Feuer untersagt. In jedem Fall werden wir versuchen einen adäquaten Ersatz zu finden.</p>



<h3 class="wp-block-heading">Unsere Ferienobjekte</h3>



<p>Bei der Auswahl unserer Ferienobjekte prüfen wir genau, ob sich ein etwaiges Objekt für die von uns geplanten Maßnahmen eignet. Als Maßstab gelten die Gestaltung und Anlage des Objektes bezogen auf die jeweilige Zielgruppe, die sanitären Ausstattungen, die Verpflegung, die Freizeitmöglichkeiten und natürlich Ausflugsmöglichkeiten im näheren Umfeld. </p>

<p>Das BetreuerTeam Unsere Betreuerinnen und Betreuer übernehmen während der kompletten Zeit Ihres Kindes in einem unserer Feriencamps die Betreuung Ihres &hellip; <a href="https://borstel-ev.de/index.php/qualitaetsstandards/" class="more-link"><span class="more-button">Continue Reading<span class="screen-reader-text">qualitätsstandards</span></span></a></p>
