{"id":755,"date":"2025-08-02T15:14:50","date_gmt":"2025-08-02T13:14:50","guid":{"rendered":"https:\/\/borstel-ev.de\/?page_id=755"},"modified":"2025-10-31T14:10:22","modified_gmt":"2025-10-31T13:10:22","slug":"camp-tagebuecher-2025","status":"publish","type":"page","link":"https:\/\/borstel-ev.de\/index.php\/camp-tagebuecher-2025\/","title":{"rendered":"Camp-Tageb\u00fccher"},"content":{"rendered":"\n<p>Wer neugierig ist und wissen m\u00f6chte, was in unseren Camps in der Vergangenheit so los war ist herzlich eingeladen unsere Camptageb\u00fccher zu durchst\u00f6bern. Und w\u00e4hrend der aktuell laufenden Camps k\u00f6nnt Ihr jeden Tag mitlesen, was wir alles erlebt haben.<\/p>\n\n\n\n<p><a href=\"https:\/\/borstel-ev.de\/index.php\/camp-tagebuch\/\">Camp A 2025<\/a>; <a href=\"https:\/\/borstel-ev.de\/index.php\/camp-tagebuch-woche-2\/\">Camp B 2025<\/a><\/p>\n\n\n\n<figure class=\"wp-block-image size-full\"><img decoding=\"async\" width=\"100\" height=\"83\" src=\"https:\/\/borstel-ev.de\/wp-content\/uploads\/2024\/12\/betreuerborstel.gif\" alt=\"\" class=\"wp-image-8\"\/><\/figure>\n","protected":false},"excerpt":{"rendered":"<p>Wer neugierig ist und wissen m\u00f6chte, was in unseren Camps in der Vergangenheit so los war ist herzlich eingeladen unsere &hellip; <a href=\"https:\/\/borstel-ev.de\/index.php\/camp-tagebuecher-2025\/\" class=\"more-link\"><span class=\"more-button\">Continue Reading<span class=\"screen-reader-text\">Camp-Tageb\u00fccher<\/span><\/span><\/a><\/p>\n","protected":false},"author":1,"featured_media":0,"parent":0,"menu_order":0,"comment_status":"closed","ping_status":"closed","template":"","meta":{"footnotes":""},"class_list":["post-755","page","type-page","status-publish","hentry"],"_links":{"self":[{"href":"https:\/\/borstel-ev.de\/index.php\/wp-json\/wp\/v2\/pages\/755","targetHints":{"allow":["GET"]}}],"collection":[{"href":"https:\/\/borstel-ev.de\/index.php\/wp-json\/wp\/v2\/pages"}],"about":[{"href":"https:\/\/borstel-ev.de\/index.php\/wp-json\/wp\/v2\/types\/page"}],"author":[{"embeddable":true,"href":"https:\/\/borstel-ev.de\/index.php\/wp-json\/wp\/v2\/users\/1"}],"replies":[{"embeddable":true,"href":"https:\/\/borstel-ev.de\/index.php\/wp-json\/wp\/v2\/comments?post=755"}],"version-history":[{"count":6,"href":"https:\/\/borstel-ev.de\/index.php\/wp-json\/wp\/v2\/pages\/755\/revisions"}],"predecessor-version":[{"id":966,"href":"https:\/\/borstel-ev.de\/index.php\/wp-json\/wp\/v2\/pages\/755\/revisions\/966"}],"wp:attachment":[{"href":"https:\/\/borstel-ev.de\/index.php\/wp-json\/wp\/v2\/media?parent=755"}],"curies":[{"name":"wp","href":"https:\/\/api.w.org\/{rel}","templated":true}]}}